)/2*2 - (-35 - -4). Suppose -4*b = 0, 6*i - 2*b = i - l. Let h be (-44)/i + (-9)/((-81)/(-12)). Calculate the highest common divisor of 54 and h.
6
Let s(q) = 106*q - 3066. Let r be s(29). What is the greatest common divisor of 180 and r?
4
Let k = 3070 - 2918. Calculate the highest common divisor of k and 6688.
152
Let q be ((0 - 151)*1)/(-1) + -50 + 44. What is the highest common divisor of 319 and q?
29
Let y be 6/21 - (-2152)/14. Suppose -2*k + m = -307, -5*m + 11 - 151 = -k. Let g = -133 + k. What is the greatest common factor of y and g?
22
Suppose 0 = -4*a + 28, -2*a - 5 = -2*o - 3. Calculate the greatest common factor of 1172 and o.
4
Let b = -2368 + 2416. Calculate the greatest common factor of 16584 and b.
24
Suppose 3*p + f - 404 = 0, -2*p + 241 = -6*f + f. Let m(j) = -2*j**2 + 56*j + 5. Let i be m(29). Let q = i + p. What is the greatest common divisor of 8 and q?
8
Let d be 30/45 + 179/(-3). Let y = d - -84. Suppose -5*t = 5*j - 110, -2*j + y = 3*j. What is the highest common factor of 34 and t?
17
Suppose -6*j + 42*j + 61*j = 17460. What is the highest common divisor of 11376 and j?
36
Let z be (1 - (-2 - (-7)/2))*(-2037134)/899. What is the greatest common factor of 143 and z?
11
Suppose 13 = -r - u + 23, -r = 5*u - 22. Suppose -4*h + a + 95 = 0, -4*a + 95 = r*h - 4*h. What is the greatest common divisor of 4 and h?
1
Suppose 15 = 5*x - 15. Suppose 2*w - x = 6. Let q be (0 - 15/(-25))*10. What is the highest common divisor of q and w?
6
Suppose 572*k - 540*k - 618496 = 0. Calculate the highest common divisor of k and 128.
128
Suppose 81*v + 88*v - 66*v = 6592. What is the highest common divisor of 36 and v?
4
Suppose -30*w = -28*w - 5*y - 55, -2*w + 100 = 4*y. Suppose -5*n - 135 = -4*u, 0 = 4*u - n - 2*n - 129. Calculate the highest common divisor of w and u.
10
Suppose 2*x + 17 = 17. Suppose x = -24*c + 76*c - 12480. Calculate the highest common factor of 18 and c.
6
Suppose -7*g - 48 = 1. Let b be (-5 - 37/g)/(1/119). Calculate the greatest common divisor of 1 and b.
1
Let c = 1036 + -622. Suppose -j + 1656 = 4*b - 2*j, 5*j = -b + c. What is the greatest common factor of 18 and b?
18
Let p(k) be the second derivative of 6*k**4 + 5*k**3/6 - k**2/2 - 9*k + 2. Let x be p(2). Calculate the greatest common factor of 33 and x.
33
Let q = -28 + 33. Let v(l) = l**3 - 2*l**2 - 17*l + 35. Let m be v(q). Calculate the highest common divisor of 125 and m.
25
Suppose -67 = -33*b + 27*b + 125. Calculate the greatest common factor of b and 1004.
4
Suppose -14*f + 10*f - 96 = 0. Let o = 12 + f. Let i be o/(-15) - (-1642)/10. What is the greatest common factor of 15 and i?
15
Let o be (6/27 - 0) + (88640/144)/2. Calculate the highest common divisor of o and 572.
44
Suppose -43*q + 928 = -41*q. Suppose -4*m - 2*l = -q, 6*l = 4*m + 11*l - 458. What is the greatest common divisor of m and 312?
39
Let h(x) = x**3 - 3*x**2 + 15*x - 10. Let m be h(-5). Let o = 289 + m. What is the greatest common divisor of 44 and o?
4
Let l(k) = 95*k**2 - 29*k + 28. Let h be l(-4). What is the highest common factor of 676 and h?
52
Let u(k) = 2*k - 1. Let m(w) = w**2 + 6*w + 9. Let x be m(-7). Let g be u(x). Let y = g + -25. Calculate the greatest common factor of 2 and y.
2
Suppose 12*o - 1188 = -17*o + 2*o. Let j = 17 - 9. What is the highest common factor of o and j?
4
Suppose 5*n - 2388 = 132. Let b = 1427 - 1364. What is the greatest common factor of n and b?
63
Suppose -72*q + 74*q - 5*l - 11 = 0, l - 33 = -4*q. Suppose -3*d = 5*h - 35, 0 = -6*d + 10*d + h - 75. Calculate the greatest common factor of d and q.
4
Let i(z) = -6*z**2 + 102*z + 16. Let t be i(17). Calculate the greatest common divisor of 2328 and t.
8
Let z(b) = b + 8. Let v be z(-3). Suppose 0 = -0*p + v*p - 155. Suppose 0 = 4*j, d - 5 = 4*j + p. What is the highest common factor of d and 4?
4
Let b = -114 + 128. Let n = 464 + -387. What is the highest common divisor of b and n?
7
Let r be 30/50 + 4014/210 - 6/(-21). Calculate the greatest common factor of 5810 and r.
10
Let y = 9 - -404. Let c = y - 196. Calculate the greatest common factor of 7 and c.
7
Let i(b) = 2*b + 204. Suppose 8 = -2*q + 3*w, -8 = 2*q + 2*w - 6*w. Let p be i(q). Calculate the highest common factor of 28 and p.
28
Let i(f) = -2034*f**2 + 25 + 2039*f**2 - f**3 - 12*f + 14. Let c be i(4). What is the greatest common divisor of 63 and c?
7
Let t = 12152 + -11920. Calculate the highest common factor of 1566 and t.
58
Let j(k) = -21*k. Let w be j(-2). Suppose -15*f + 5*p = -12*f - 698, 0 = -3*p - 3. What is the greatest common divisor of w and f?
21
Let g be 12 + 27 - (0 + -1). Let p = -11083 - -11903. What is the greatest common factor of g and p?
20
Let q(r) = 134*r - 652. Let b be q(5). Calculate the greatest common divisor of b and 2304.
18
Suppose 0*j = -4*j + 672. Suppose -3*h = 9, 4*h - 49 + 85 = z. Calculate the greatest common factor of j and z.
24
Let w = -64 - -67. Suppose w*b + 37 + 146 = 2*x, 5*b + 289 = -2*x. Let q = b - -106. What is the greatest common divisor of q and 423?
47
Suppose -54 - 202 = -4*j. Let r = -9419 - -9739. What is the greatest common factor of r and j?
64
Let z(i) = -i**3 - 11*i**2 + 11*i + 2. Let m be z(-12). Let v(w) = -6*w. Let t be v(-5). Suppose t = 4*c - 26. Calculate the highest common divisor of c and m.
14
Let q(t) = 2*t**2 + 3*t - 1. Let f be q(-3). Suppose -3*h - 175 = -f*h. Let p = 37 + 278. Calculate the greatest common divisor of h and p.
35
Suppose 4*g = -12, 3*g - 144 + 1249 = 4*r. Suppose -7*o + r + 237 = 0. Calculate the greatest common divisor of o and 365.
73
Let r(j) = -j + j - 158 - 6*j + j - 6*j. Let o be r(-21). Calculate the greatest common factor of o and 1241.
73
Suppose -14*b - 71 = -267. What is the greatest common factor of 378 and b?
14
Let f(k) = -5*k**3 + 2*k**2 - 12*k + 18. Let l be f(3). Let h = 30 + -293. Let m = l - h. Calculate the highest common factor of m and 16.
16
Let p(g) = 36*g**2 + 428*g - 29. Let f be p(-14). Calculate the greatest common divisor of f and 720.
45
Let l be ((-2)/(-4))/(2/52). Let v be (-247)/(-38)*20/10. Calculate the greatest common factor of v and l.
13
Let u(n) = n**2 + 70*n + 67. Let d be u(0). What is the highest common factor of 5293 and d?
67
Let q(v) = 19*v - 35. Let w be q(2). Suppose -22*x + w*f = -19*x - 264, -5*x - 2*f = -426. What is the greatest common divisor of 473 and x?
43
Let m be 3/(-4*9/(-48)). Suppose 0 = -m*x - r + 297 + 31, 4*r + 246 = 3*x. What is the highest common factor of x and 410?
82
Let t(r) be the first derivative of 10 + 1/3*r**3 - 3/2*r**2 + 2*r. Let s be t(3). What is the greatest common divisor of s and 5?
1
Let t be ((-10)/(-30))/(7 + (-6)/((-360)/(-410))). Let l be 8/6*39/2. What is the highest common divisor of t and l?
2
Let s be (-226*(-1 - 0))/((-50)/(-225)). What is the highest common divisor of 72 and s?
9
Suppose 84 = -5441*g + 5453*g. Calculate the highest common divisor of g and 4613.
7
Suppose 0 = 4*c - 11 - 21. Let r = -68 + c. Let u = r - -84. What is the highest common factor of 24 and u?
24
Let z(p) = 2*p**2 - 3*p - 1. Let o be z(-2). Suppose o*q - 9*q + 160 = 0. Let j be 252/5 - (-16)/q. Calculate the greatest common divisor of j and 30.
10
Suppose r - 133 = 4*c - 2*c, -5*c + 590 = 5*r. Suppose 135 = -6*v - r. Let t = 69 + v. What is the greatest common divisor of 117 and t?
13
Suppose 0 = 2*c - 8 - 0. Suppose -8*w + 5*w - c*d = -35, d - 38 = -4*w. Calculate the highest common factor of w and 153.
9
Suppose 444*m + 136552 = 545*m. What is the highest common factor of m and 169?
169
Let x(m) = 4*m**3 + 40*m**2 + 11. Let g be x(-10). What is the greatest common factor of 3212 and g?
11
Let v = -35 - -39. Suppose -i = n - 2*i + 4, 8 = 4*n + v*i. Let g be n/2 - 0 - (-1185)/30. Calculate the greatest common factor of 13 and g.
13
Let t(d) = -d**2 - 6*d - 5. Let h be t(-5). Let f(a) = -1700 + h*a**2 + 8*a + 5*a**2 + 1710. Let u be f(-2). Calculate the highest common factor of 70 and u.
14
Let y be ((-72)/2)/(55/(-10) + 4). Suppose y*k - 18*k = 1740. What is the greatest common divisor of k and 116?
58
Suppose m + 27 = 5*p + 8, -3*p = -3*m - 9. Suppose -68*v - 26 = -2*g - 73*v, 23 = 5*g + 2*v. What is the highest common divisor of g and m?
1
Let m = -747 - -1944. Suppose -11*i + 